4
What is the units digit of 6296?
6
What is the units digit of 966?
6
What is the tens digit of 4599?
9
What is the hundreds digit of 107010?
0
What is the units digit of 805?
5
What is the units digit of 3830?
0
What is the hundreds digit of 21686?
6
What is the units digit of 134331?
1
What is the tens digit of 226?
2
What is the thousands digit of 28206?
8
What is the thousands digit of 32750?
2
What is the units digit of 109032?
2
What is the tens digit of 78920?
2
What is the hundreds digit of 2416?
4
What is the hundreds digit of 1240?
2
What is the ten thousands digit of 10000?
1
What is the hundreds digit of 18249?
2
What is the units digit of 1717?
7
What is the thousands digit of 5459?
5
What is the hundreds digit of 2295?
2
What is the thousands digit of 3218?
3
What is the units digit of 651?
1
What is the thousands digit of 4214?
4
What is the tens digit of 687?
8
What is the thousands digit of 3417?
3
What is the tens digit of 22929?
2
What is the tens digit of 314?
1
What is the units digit of 183?
3
What is the thousands digit of 2456?
2
What is the tens digit of 99?
9
What is the units digit of 3227?
7
What is the tens digit of 3396?
9
What is the units digit of 387?
7
What is the thousands digit of 1569?
1
What is the tens digit of 1892?
9
What is the tens digit of 27085?
8
What is the units digit of 43777?
7
What is the hundreds digit of 10476?
4
What is the tens digit of 5307?
0
What is the units digit of 2139?
9
What is the hundreds digit of 32956?
9
What is the ten thousands digit of 40870?
4
What is the tens digit of 6442?
4
What is the hundreds digit of 2031?
0
What is the thousands digit of 30063?
0
What is the tens digit of 29593?
9
What is the ten thousands digit of 43328?
4
What is the thousands digit of 33154?
3
What is the units digit of 13973?
3
What is the thousands digit of 2602?
2
What is the units digit of 41260?
0
What is the tens digit of 490?
9
What is the units digit of 98042?
2
What is the units digit of 27781?
1
What is the units digit of 1196?
6
What is the units digit of 39849?
9
What is the ten thousands digit of 19002?
1
What is the thousands digit of 73245?
3
What is the thousands digit of 27150?
7
What is the units digit of 25603?
3
What is the hundreds digit of 3622?
6
What is the hundreds digit of 317?
3
What is the units digit of 30?
0
What is the tens digit of 2260?
6
What is the tens digit of 1194?
9
What is the tens digit of 1587?
8
What is the hundreds digit of 4671?
6
What is the thousands digit of 91718?
1
What is the thousands digit of 22152?
2
What is the thousands digit of 7944?
7
What is the units digit of 698?
8
What is the thousands digit of 1148?
1
What is the hundreds digit of 1034?
0
What is the hundreds digit of 24348?
3
What is the units digit of 137586?
6
What is the tens digit of 4420?
2
What is the units digit of 9673?
3
What is the units digit of 36847?
7
What is the hundreds digit of 5582?
5
What is the units digit of 1485?
5
What is the units digit of 956?
6
What is the hundreds digit of 1231?
2
What is the units digit of 133122?
2
What is the thousands digit of 50876?
0
What is the tens digit of 546?
4
What is the tens digit of 622?
2
What is the thousands digit of 5489?
5
What is the thousands digit of 11988?
1
What is the units digit of 61895?
5
What is the tens digit of 737?
3
What is the hundreds digit of 522?
5
What is the units digit of 7685?
5
What is the hundreds digit of 8590?
5
What is the units digit of 1192?
2
What is the units digit of 453?
3
What is the thousands digit of 160019?
0
What is the ten thousands digit of 53017?
5
What is the ten thousands digit of 30988?
3
What is the ten thousands digit of 41551?
4
What is the thousands digit of 8073?
8
What is the tens digit of 798?
9
What is the tens digit of 8898?
9
What is the units digit of 16720?
0
What is the hundreds digit of 12593?
5
What is the units digit of 2205?
5
What is the hundreds digit of 10943?
9
What is the units digit of 440?
0
What is the tens digit of 1444?
4
What is the tens digit of 35975?
7
What is the tens digit of 21732?
3
What is the tens digit of 196?
9
What is the tens digit of 849?
4
What is the thousands digit of 34614?
4
What is the hundreds digit of 6728?
7
What is the hundreds digit of 13660?
6
What is the ten thousands digit of 69828?
6
What is the hundreds digit of 2294?
2
What is the tens digit of 33460?
6
What is the units digit of 74839?
9
What is the tens digit of 46?
4
What is the units digit of 1322?
2
What is the units digit of 4748?
8
What is the ten thousands digit of 32324?
3
What is the tens digit of 1560?
6
What is the hundreds digit of 1246?
2
What is the tens digit of 2774?
7
What is the hundreds digit of 249?
2
What is the tens digit of 69466?
6
What is the tens digit of 679?
7
What is the hundreds digit of 889?
8
What is the tens digit of 2218?
1
What is the tens digit of 533?
3
What is the ten thousands digit of 15206?
1
What is the thousands digit of 12419?
2
What is the units digit of 6342?
2
What is the tens digit of 48985?
8
What is the units digit of 7353?
3
What is the tens digit of 2405?
0
What is the units digit of 5287?
7
What is the tens digit of 2362?
6
What is the thousands digit of 7627?
7
What is the thousands digit of 2921?
2
What is the thousands digit of 8954?
8
What is the tens digit of 7790?
9
What is the tens digit of 435?
3
What is the units digit of 23254?
4
What is the units digit of 67063?
3
What is the hundreds digit of 1018?
0
What is the units digit of 306?
6
What is the hundreds digit of 1046?
0
What is the thousands digit of 2428?
2
What is the hundreds digit of 6805?
8
What is the hundreds digit of 13613?
6
What is the tens digit of 16633?
3
What is the hundreds digit of 19984?
9
What is the units digit of 4020?
0
What is the tens digit of 2898?
9
What is the thousands digit of 7237?
7
What is the tens digit of 9164?
6
What is the thousands digit of 7948?
7
What is the thousands digit of 8534?
8
What is the thousands digit of 1468?
1
What is the thousands digit of 30344?
0
What is the units digit of 23702?
2
What is the hundreds digit of 693?
6
What is the tens digit of 16421?
2
What is the hundreds digit of 87111?
1
What is the hundreds digit of 980?
9
What is the thousands digit of 8448?
8
What is the tens digit of 3611?
1
What is the ten thousands digit of 70964?
7
What is the tens digit of 6733?
3
What is the thousands digit of 28889?
8
What is the thousands digit of 1198?
1
What is the hundreds digit of 741?
7
What is the units digit of 91338?
8
What is the hundreds digit of 1937?
9
What is the tens digit of 15319?
1
What is the tens digit of 448?
4
What is the tens digit of 12341?
4
What is the hundreds digit of 11734?
7
What is the tens digit of 2130?
3
What is the units digit of 86174?
4
What is the tens digit of 8606?
0
What is the tens digit of 67560?
6
What is the thousands digit of 3015?
3
What is the tens digit of 1858?
5
What is the units digit of 80?
0
What is the ten thousands digit of 35002?
3
What is the tens digit of 17033?
3
What is the thousands digit of 54743?
4
What is the ten thousands digit of 15363?
1
What is the hundreds digit of 2624?
6
What is the tens digit of 23036?
3
What is the hundreds digit of 12179?
1
What is the thousands digit of 1688?
1
What is the thousands digit of 2174?
2
What is the tens digit of 40851?
5
What is the thousands digit of 49465?
9
What is the hundreds digit of 415?
4
What is the ten thousands digit of 105854?
0
What is the hundreds digit of 32600?
6
What is the hundreds digit of 207?
2
What is the thousands digit of 6770?
6
What is the tens digit of 897?
9
What is the tens digit of 1517?
1
What is the thousands digit of 1134?
1
What is the hundreds digit of 20175?
1
What is the hundreds digit of 786?
7
What is the tens digit of 388?
8
What is the hundreds digit of 30024?
0
What is the units digit of 636?
6
What is the units digit of 682?
2
What is the thousands digit of 20626?
0
What is the thousands digit of 40692?
0
What is the hundreds digit of 62150?
1
What is the tens digit of 5288?
8
What is the hundreds digit of 393?
3
What is the thousands digit of 1607?
1
What is the hundreds digit of 6231?
2
What is the thousands digit of 1541?
1
What is the ten thousands 